{"id":1065,"date":"2018-05-24T12:25:33","date_gmt":"2018-05-24T10:25:33","guid":{"rendered":"http:\/\/periodisme-dades.uoc.edu\/?page_id=1065"},"modified":"2018-06-19T08:34:00","modified_gmt":"2018-06-19T06:34:00","slug":"6-2-2-contexto","status":"publish","type":"page","link":"http:\/\/periodisme-dades.recursos.uoc.edu\/es\/6-2-2-contexto\/","title":{"rendered":"6.2.2. Contexto"},"content":{"rendered":"<p>La aparici\u00f3n en internet de plataformas de alquiler de alojamientos <em>peer to peer<\/em> est\u00e1 provocando r\u00e1pidos cambios de uso en los centros urbanos de mayor atractivo tur\u00edstico. Estas plataformas, con Airbnb a la cabeza, han sido acusadas de contribuir al alza en los precios inmobiliarios y de ser un elemento disruptivo en las comunidades locales. Por otro lado, se defiende que la supuesta tendencia gentrificadora de la web es exagerada.<\/p>\n","protected":false},"excerpt":{"rendered":"<p>La aparici\u00f3n en internet de plataformas de alquiler de alojamientos peer to peer est\u00e1 provocando r\u00e1pidos cambios de uso en los centros urbanos de mayor atractivo tur\u00edstico. Estas plataformas, con Airbnb a la cabeza, han sido acusadas de contribuir al alza en los precios inmobiliarios y de ser un elemento disruptivo en las comunidades locales. [&hellip;]<\/p>\n","protected":false},"author":1,"featured_media":0,"parent":0,"menu_order":0,"comment_status":"closed","ping_status":"closed","template":"","meta":[],"_links":{"self":[{"href":"http:\/\/periodisme-dades.recursos.uoc.edu\/es\/wp-json\/wp\/v2\/pages\/1065"}],"collection":[{"href":"http:\/\/periodisme-dades.recursos.uoc.edu\/es\/wp-json\/wp\/v2\/pages"}],"about":[{"href":"http:\/\/periodisme-dades.recursos.uoc.edu\/es\/wp-json\/wp\/v2\/types\/page"}],"author":[{"embeddable":true,"href":"http:\/\/periodisme-dades.recursos.uoc.edu\/es\/wp-json\/wp\/v2\/users\/1"}],"replies":[{"embeddable":true,"href":"http:\/\/periodisme-dades.recursos.uoc.edu\/es\/wp-json\/wp\/v2\/comments?post=1065"}],"version-history":[{"count":1,"href":"http:\/\/periodisme-dades.recursos.uoc.edu\/es\/wp-json\/wp\/v2\/pages\/1065\/revisions"}],"predecessor-version":[{"id":1066,"href":"http:\/\/periodisme-dades.recursos.uoc.edu\/es\/wp-json\/wp\/v2\/pages\/1065\/revisions\/1066"}],"wp:attachment":[{"href":"http:\/\/periodisme-dades.recursos.uoc.edu\/es\/wp-json\/wp\/v2\/media?parent=1065"}],"curies":[{"name":"wp","href":"https:\/\/api.w.org\/{rel}","templated":true}]}}

<p>La aparición en internet de plataformas de alquiler de alojamientos <em>peer to peer</em> está provocando rápidos cambios de uso en los centros urbanos de mayor atractivo turístico. Estas plataformas, con Airbnb a la cabeza, han sido acusadas de contribuir al alza en los precios inmobiliarios y de ser un elemento disruptivo en las comunidades locales. Por otro lado, se defiende que la supuesta tendencia gentrificadora de la web es exagerada.</p>

<p>La aparición en internet de plataformas de alquiler de alojamientos peer to peer está provocando rápidos cambios de uso en los centros urbanos de mayor atractivo turístico. Estas plataformas, con Airbnb a la cabeza, han sido acusadas de contribuir al alza en los precios inmobiliarios y de ser un elemento disruptivo en las comunidades locales. [&hellip;]</p>
