{"id":370,"date":"2018-01-10T11:27:02","date_gmt":"2018-01-10T09:27:02","guid":{"rendered":"http:\/\/periodisme-dades.uoc.edu\/?page_id=370"},"modified":"2018-01-10T12:49:51","modified_gmt":"2018-01-10T10:49:51","slug":"4-5-5-la-visualitzacio-com-a-centre-de-la-noticia","status":"publish","type":"page","link":"http:\/\/periodisme-dades.recursos.uoc.edu\/es\/4-5-5-la-visualitzacio-com-a-centre-de-la-noticia\/","title":{"rendered":"4.5.5. La visualizaci\u00f3n como centro de la noticia"},"content":{"rendered":"<p><strong>1) <em>El Confidencial<\/em> | \u00abRadiograf\u00eda sobre los feminicidios\u00bb<\/strong><\/p>\n<p>En este monogr\u00e1fico especial, el equipo de datos del diario <em>El Confidencial<\/em> recopil\u00f3 datos sobre todos los feminicidios que se hab\u00edan producido en Espa\u00f1a desde la implantaci\u00f3n de la Ley de la violencia de g\u00e9nero. En este caso, la visualizaci\u00f3n interactiva tiene un papel central e indiscutible en la presentaci\u00f3n del tema y del tratamiento.<\/p>\n<p><img loading=\"lazy\" class=\"alignnone size-full wp-image-188\" src=\"\/wp-content\/uploads\/2017\/12\/m1450_m4_38.jpg\" alt=\"\" width=\"800\" height=\"381\" srcset=\"\/wp-content\/uploads\/2017\/12\/m1450_m4_38.jpg 800w, \/wp-content\/uploads\/2017\/12\/m1450_m4_38-300x143.jpg 300w, \/wp-content\/uploads\/2017\/12\/m1450_m4_38-768x366.jpg 768w\" sizes=\"(max-width: 800px) 100vw, 800px\" \/><\/p>\n<p><strong>2) <em>La Vanguardia<\/em> | \u00abLos \u201csegundones\u201d de la democracia\u00bb<\/strong><\/p>\n<p>Esta recopilaci\u00f3n de mapas hace un repaso sobre el recorrido de la segunda fuerza, es decir, los perdedores, en cada uno de los comicios de la democracia espa\u00f1ola. En este caso, de nuevo, las visualizaciones toman un papel central en el elemento informativo de la noticia.<\/p>\n<p><img loading=\"lazy\" class=\"alignnone size-full wp-image-189\" src=\"\/wp-content\/uploads\/2017\/12\/m1450_m4_39.jpg\" alt=\"\" width=\"800\" height=\"280\" srcset=\"\/wp-content\/uploads\/2017\/12\/m1450_m4_39.jpg 800w, \/wp-content\/uploads\/2017\/12\/m1450_m4_39-300x105.jpg 300w, \/wp-content\/uploads\/2017\/12\/m1450_m4_39-768x269.jpg 768w\" sizes=\"(max-width: 800px) 100vw, 800px\" \/><\/p>\n<p><strong>3) <em>Eldiario.es<\/em> | \u00abM\u00e1s de 14.000 personas han muerto en el Mediterr\u00e1neo desde el 2014\u00bb<\/strong><\/p>\n<p>Este reportaje utiliza los datos sobre el recuento de muertos en el mar Mediterr\u00e1neo para hacer una aproximaci\u00f3n al desastre humanitario de las costas mediterr\u00e1neas. Los datos, y sobre todo las visualizaciones, son un elemento clave, puesto que se sit\u00faan en el centro del elemento informativo y aportan una manera diferente de entender los n\u00fameros pero, sobre todo, tambi\u00e9n el contexto.<\/p>\n<p><img loading=\"lazy\" class=\"alignnone size-full wp-image-190\" src=\"\/wp-content\/uploads\/2017\/12\/m1450_m4_40.jpg\" alt=\"\" width=\"800\" height=\"342\" srcset=\"\/wp-content\/uploads\/2017\/12\/m1450_m4_40.jpg 800w, \/wp-content\/uploads\/2017\/12\/m1450_m4_40-300x128.jpg 300w, \/wp-content\/uploads\/2017\/12\/m1450_m4_40-768x328.jpg 768w\" sizes=\"(max-width: 800px) 100vw, 800px\" \/><\/p>\n","protected":false},"excerpt":{"rendered":"<p>1) El Confidencial | \u00abRadiograf\u00eda sobre los feminicidios\u00bb En este monogr\u00e1fico especial, el equipo de datos del diario El Confidencial recopil\u00f3 datos sobre todos los feminicidios que se hab\u00edan producido en Espa\u00f1a desde la implantaci\u00f3n de la Ley de la violencia de g\u00e9nero. En este caso, la visualizaci\u00f3n interactiva tiene un papel central e indiscutible [&hellip;]<\/p>\n","protected":false},"author":1,"featured_media":0,"parent":0,"menu_order":0,"comment_status":"closed","ping_status":"closed","template":"","meta":[],"_links":{"self":[{"href":"http:\/\/periodisme-dades.recursos.uoc.edu\/es\/wp-json\/wp\/v2\/pages\/370"}],"collection":[{"href":"http:\/\/periodisme-dades.recursos.uoc.edu\/es\/wp-json\/wp\/v2\/pages"}],"about":[{"href":"http:\/\/periodisme-dades.recursos.uoc.edu\/es\/wp-json\/wp\/v2\/types\/page"}],"author":[{"embeddable":true,"href":"http:\/\/periodisme-dades.recursos.uoc.edu\/es\/wp-json\/wp\/v2\/users\/1"}],"replies":[{"embeddable":true,"href":"http:\/\/periodisme-dades.recursos.uoc.edu\/es\/wp-json\/wp\/v2\/comments?post=370"}],"version-history":[{"count":2,"href":"http:\/\/periodisme-dades.recursos.uoc.edu\/es\/wp-json\/wp\/v2\/pages\/370\/revisions"}],"predecessor-version":[{"id":492,"href":"http:\/\/periodisme-dades.recursos.uoc.edu\/es\/wp-json\/wp\/v2\/pages\/370\/revisions\/492"}],"wp:attachment":[{"href":"http:\/\/periodisme-dades.recursos.uoc.edu\/es\/wp-json\/wp\/v2\/media?parent=370"}],"curies":[{"name":"wp","href":"https:\/\/api.w.org\/{rel}","templated":true}]}}

4.5.5. La visualización como centro de la noticia

<p><strong>1) <em>El Confidencial</em> | «Radiografía sobre los feminicidios»</strong></p>
<p>En este monográfico especial, el equipo de datos del diario <em>El Confidencial</em> recopiló datos sobre todos los feminicidios que se habían producido en España desde la implantación de la Ley de la violencia de género. En este caso, la visualización interactiva tiene un papel central e indiscutible en la presentación del tema y del tratamiento.</p>
<p><img loading="lazy" class="alignnone size-full wp-image-188" src="/wp-content/uploads/2017/12/m1450_m4_38.jpg" alt="" width="800" height="381" srcset="/wp-content/uploads/2017/12/m1450_m4_38.jpg 800w, /wp-content/uploads/2017/12/m1450_m4_38-300x143.jpg 300w, /wp-content/uploads/2017/12/m1450_m4_38-768x366.jpg 768w" sizes="(max-width: 800px) 100vw, 800px" /></p>
<p><strong>2) <em>La Vanguardia</em> | «Los “segundones” de la democracia»</strong></p>
<p>Esta recopilación de mapas hace un repaso sobre el recorrido de la segunda fuerza, es decir, los perdedores, en cada uno de los comicios de la democracia española. En este caso, de nuevo, las visualizaciones toman un papel central en el elemento informativo de la noticia.</p>
<p><img loading="lazy" class="alignnone size-full wp-image-189" src="/wp-content/uploads/2017/12/m1450_m4_39.jpg" alt="" width="800" height="280" srcset="/wp-content/uploads/2017/12/m1450_m4_39.jpg 800w, /wp-content/uploads/2017/12/m1450_m4_39-300x105.jpg 300w, /wp-content/uploads/2017/12/m1450_m4_39-768x269.jpg 768w" sizes="(max-width: 800px) 100vw, 800px" /></p>
<p><strong>3) <em>Eldiario.es</em> | «Más de 14.000 personas han muerto en el Mediterráneo desde el 2014»</strong></p>
<p>Este reportaje utiliza los datos sobre el recuento de muertos en el mar Mediterráneo para hacer una aproximación al desastre humanitario de las costas mediterráneas. Los datos, y sobre todo las visualizaciones, son un elemento clave, puesto que se sitúan en el centro del elemento informativo y aportan una manera diferente de entender los números pero, sobre todo, también el contexto.</p>
<p><img loading="lazy" class="alignnone size-full wp-image-190" src="/wp-content/uploads/2017/12/m1450_m4_40.jpg" alt="" width="800" height="342" srcset="/wp-content/uploads/2017/12/m1450_m4_40.jpg 800w, /wp-content/uploads/2017/12/m1450_m4_40-300x128.jpg 300w, /wp-content/uploads/2017/12/m1450_m4_40-768x328.jpg 768w" sizes="(max-width: 800px) 100vw, 800px" /></p>

<p>1) El Confidencial | «Radiografía sobre los feminicidios» En este monográfico especial, el equipo de datos del diario El Confidencial recopiló datos sobre todos los feminicidios que se habían producido en España desde la implantación de la Ley de la violencia de género. En este caso, la visualización interactiva tiene un papel central e indiscutible [&hellip;]</p>
