{"id":623,"date":"2018-01-28T09:10:30","date_gmt":"2018-01-28T07:10:30","guid":{"rendered":"http:\/\/periodisme-dades.uoc.edu\/?page_id=623"},"modified":"2018-01-28T09:54:39","modified_gmt":"2018-01-28T07:54:39","slug":"1-1-2-independencia","status":"publish","type":"page","link":"http:\/\/periodisme-dades.recursos.uoc.edu\/es\/1-1-2-independencia\/","title":{"rendered":"1.1.2. Independencia"},"content":{"rendered":"<blockquote><p>\u00abEl proceso del periodismo tiene sus limitaciones. La escasez de tiempo y la frecuente falta de disponibilidad de la informaci\u00f3n son dos dificultades end\u00e9micas de la profesi\u00f3n, como tambi\u00e9n lo son los errores que cometen los periodistas cuando trabajan sometidos a presiones. Sin embargo, el buen periodismo tambi\u00e9n choca con limitaciones creadas por los propios periodistas, as\u00ed como por los propietarios y los que controlan los medios.\u00bb<\/p><\/blockquote>\n<div class=\"blockquote-author\"><p>David Randall<\/p>\n<\/div>\n<p>Todos los propietarios de los medios de comunicaci\u00f3n hacen bandera de los conceptos de verdad, honestidad y transparencia, pero en general utilizan las plataformas informativas para hacer negocio o como canal de propaganda. Esta l\u00f3gica se hace todav\u00eda m\u00e1s visible en contextos de convulsi\u00f3n pol\u00edtica. La promoci\u00f3n de las propias ideas y la exclusi\u00f3n de las ideas adversas, la informaci\u00f3n sesgada e intencional, adaptada a un punto de vista o unos intereses empresariales determinados, son algunas de las malas praxis que impregnan la historia del periodismo.<\/p>\n<p>En la actualidad, es habitual que los medios sean propiedad de grandes empresas. Sus requerimientos propagand\u00edsticos acostumbran a limitarse a apoyar a un determinado partido pol\u00edtico, mimando a los pol\u00edticos que puedan favorecerlos o atacando a los que no. Tambi\u00e9n realzando historias c\u00f3mplices o encubridoras de sus intereses corporativos. Su prioridad es maximizar el margen de beneficio y hacerlo muy r\u00e1pido si su deuda est\u00e1 siendo financiada por agentes externos. Las prioridades de los propietarios probablemente han impuesto m\u00e1s limitaciones a la manera en que se practica periodismo que cualquier otro factor en los \u00faltimos a\u00f1os.<\/p>\n<p>En el conjunto de Europa, existe un problema en este sentido. Seg\u00fan un informe publicado en el 2017 por el Centro por el Pluralismo y la Libertad en los Medios, del Instituto Universitario Europeo, las principales amenazas al pluralismo medi\u00e1tico son la excesiva concentraci\u00f3n de los medios en pocas manos, la poca diversidad de puntos de vista en las noticias, la falta de transparencia sobre los intereses empresariales de los medios y una independencia editorial vulnerable, sujeta a influencias pol\u00edticas.<\/p>\n<p>En el caso espa\u00f1ol, si bien existe un riesgo medio en cuanto a la falta de pluralismo, uno de los resultados m\u00e1s preocupantes es la concentraci\u00f3n de la propiedad de los medios espa\u00f1oles, que presenta un riesgo del 71 %. Tambi\u00e9n es grave el riesgo relativo a la independencia pol\u00edtica (54 %). Concretamente, la independencia de los medios p\u00fablicos en cuanto a la gobernanza y a la financiaci\u00f3n tiene un riesgo del 83 %, lo que quiere decir que la injerencia pol\u00edtica en los medios espa\u00f1oles es habitual. Adem\u00e1s, el estudio tambi\u00e9n indica que la influencia del partido en el Gobierno sobre la direcci\u00f3n de las redacciones se ha multiplicado en los \u00faltimos a\u00f1os. La autonom\u00eda editorial y los intentos de controlar pol\u00edticamente los medios muestran se\u00f1ales de alarma.<\/p>\n","protected":false},"excerpt":{"rendered":"<p>\u00abEl proceso del periodismo tiene sus limitaciones. La escasez de tiempo y la frecuente falta de disponibilidad de la informaci\u00f3n son dos dificultades end\u00e9micas de la profesi\u00f3n, como tambi\u00e9n lo son los errores que cometen los periodistas cuando trabajan sometidos a presiones. Sin embargo, el buen periodismo tambi\u00e9n choca con limitaciones creadas por los propios [&hellip;]<\/p>\n","protected":false},"author":1,"featured_media":0,"parent":0,"menu_order":0,"comment_status":"closed","ping_status":"closed","template":"","meta":[],"_links":{"self":[{"href":"http:\/\/periodisme-dades.recursos.uoc.edu\/es\/wp-json\/wp\/v2\/pages\/623"}],"collection":[{"href":"http:\/\/periodisme-dades.recursos.uoc.edu\/es\/wp-json\/wp\/v2\/pages"}],"about":[{"href":"http:\/\/periodisme-dades.recursos.uoc.edu\/es\/wp-json\/wp\/v2\/types\/page"}],"author":[{"embeddable":true,"href":"http:\/\/periodisme-dades.recursos.uoc.edu\/es\/wp-json\/wp\/v2\/users\/1"}],"replies":[{"embeddable":true,"href":"http:\/\/periodisme-dades.recursos.uoc.edu\/es\/wp-json\/wp\/v2\/comments?post=623"}],"version-history":[{"count":1,"href":"http:\/\/periodisme-dades.recursos.uoc.edu\/es\/wp-json\/wp\/v2\/pages\/623\/revisions"}],"predecessor-version":[{"id":625,"href":"http:\/\/periodisme-dades.recursos.uoc.edu\/es\/wp-json\/wp\/v2\/pages\/623\/revisions\/625"}],"wp:attachment":[{"href":"http:\/\/periodisme-dades.recursos.uoc.edu\/es\/wp-json\/wp\/v2\/media?parent=623"}],"curies":[{"name":"wp","href":"https:\/\/api.w.org\/{rel}","templated":true}]}}

<blockquote><p>«El proceso del periodismo tiene sus limitaciones. La escasez de tiempo y la frecuente falta de disponibilidad de la información son dos dificultades endémicas de la profesión, como también lo son los errores que cometen los periodistas cuando trabajan sometidos a presiones. Sin embargo, el buen periodismo también choca con limitaciones creadas por los propios periodistas, así como por los propietarios y los que controlan los medios.»</p></blockquote>
<div class="blockquote-author"><p>David Randall</p>
</div>
<p>Todos los propietarios de los medios de comunicación hacen bandera de los conceptos de verdad, honestidad y transparencia, pero en general utilizan las plataformas informativas para hacer negocio o como canal de propaganda. Esta lógica se hace todavía más visible en contextos de convulsión política. La promoción de las propias ideas y la exclusión de las ideas adversas, la información sesgada e intencional, adaptada a un punto de vista o unos intereses empresariales determinados, son algunas de las malas praxis que impregnan la historia del periodismo.</p>
<p>En la actualidad, es habitual que los medios sean propiedad de grandes empresas. Sus requerimientos propagandísticos acostumbran a limitarse a apoyar a un determinado partido político, mimando a los políticos que puedan favorecerlos o atacando a los que no. También realzando historias cómplices o encubridoras de sus intereses corporativos. Su prioridad es maximizar el margen de beneficio y hacerlo muy rápido si su deuda está siendo financiada por agentes externos. Las prioridades de los propietarios probablemente han impuesto más limitaciones a la manera en que se practica periodismo que cualquier otro factor en los últimos años.</p>
<p>En el conjunto de Europa, existe un problema en este sentido. Según un informe publicado en el 2017 por el Centro por el Pluralismo y la Libertad en los Medios, del Instituto Universitario Europeo, las principales amenazas al pluralismo mediático son la excesiva concentración de los medios en pocas manos, la poca diversidad de puntos de vista en las noticias, la falta de transparencia sobre los intereses empresariales de los medios y una independencia editorial vulnerable, sujeta a influencias políticas.</p>
<p>En el caso español, si bien existe un riesgo medio en cuanto a la falta de pluralismo, uno de los resultados más preocupantes es la concentración de la propiedad de los medios españoles, que presenta un riesgo del 71 %. También es grave el riesgo relativo a la independencia política (54 %). Concretamente, la independencia de los medios públicos en cuanto a la gobernanza y a la financiación tiene un riesgo del 83 %, lo que quiere decir que la injerencia política en los medios españoles es habitual. Además, el estudio también indica que la influencia del partido en el Gobierno sobre la dirección de las redacciones se ha multiplicado en los últimos años. La autonomía editorial y los intentos de controlar políticamente los medios muestran señales de alarma.</p>

<p>«El proceso del periodismo tiene sus limitaciones. La escasez de tiempo y la frecuente falta de disponibilidad de la información son dos dificultades endémicas de la profesión, como también lo son los errores que cometen los periodistas cuando trabajan sometidos a presiones. Sin embargo, el buen periodismo también choca con limitaciones creadas por los propios [&hellip;]</p>
